{"id":20,"date":"2020-05-18T08:06:13","date_gmt":"2020-05-18T08:06:13","guid":{"rendered":"http:\/\/spa-event.dk\/?page_id=20"},"modified":"2020-06-09T10:02:08","modified_gmt":"2020-06-09T10:02:08","slug":"hjem","status":"publish","type":"page","link":"http:\/\/spa-event.dk\/","title":{"rendered":"Hjem"},"content":{"rendered":"\n<p>Velkommen til Spa-Event<span class=\"has-inline-color has-secondary-color\">.<\/span><\/p>\n\n\n\n<p>Fork\u00e6l dig selv, dine venner, familie eller kollegaer med en fantastisk afslappende oplevelse.<br><br>Planl\u00e6gger du en f\u00f8dselsdag, b\u00f8rnef\u00f8dselsdag, julefrokost, polterabend, romantisk aften for din partner, eller en havefest?<br><br>Eller m\u00e5ske du bare gerne vil give hverdagen lidt mere varme og hygge.<br>D\u00e9t her er med garanti den ultimative oplevelse.<br><\/p>\n","protected":false},"excerpt":{"rendered":"<p>Velkommen til Spa-Event. Fork\u00e6l dig selv, dine venner, familie eller kollegaer med en fantastisk afslappende oplevelse. Planl\u00e6gger du en f\u00f8dselsdag, b\u00f8rnef\u00f8dselsdag, julefrokost, polterabend, romantisk aften for din partner, eller en havefest? Eller m\u00e5ske du bare gerne vil give hverdagen lidt mere varme og hygge.D\u00e9t her er med garanti den ultimative oplevelse.<\/p>\n","protected":false},"author":1,"featured_media":52,"parent":0,"menu_order":0,"comment_status":"closed","ping_status":"closed","template":"","meta":[],"_links":{"self":[{"href":"http:\/\/spa-event.dk\/index.php\/wp-json\/wp\/v2\/pages\/20"}],"collection":[{"href":"http:\/\/spa-event.dk\/index.php\/wp-json\/wp\/v2\/pages"}],"about":[{"href":"http:\/\/spa-event.dk\/index.php\/wp-json\/wp\/v2\/types\/page"}],"author":[{"embeddable":true,"href":"http:\/\/spa-event.dk\/index.php\/wp-json\/wp\/v2\/users\/1"}],"replies":[{"embeddable":true,"href":"http:\/\/spa-event.dk\/index.php\/wp-json\/wp\/v2\/comments?post=20"}],"version-history":[{"count":6,"href":"http:\/\/spa-event.dk\/index.php\/wp-json\/wp\/v2\/pages\/20\/revisions"}],"predecessor-version":[{"id":60,"href":"http:\/\/spa-event.dk\/index.php\/wp-json\/wp\/v2\/pages\/20\/revisions\/60"}],"wp:featuredmedia":[{"embeddable":true,"href":"http:\/\/spa-event.dk\/index.php\/wp-json\/wp\/v2\/media\/52"}],"wp:attachment":[{"href":"http:\/\/spa-event.dk\/index.php\/wp-json\/wp\/v2\/media?parent=20"}],"curies":[{"name":"wp","href":"https:\/\/api.w.org\/{rel}","templated":true}]}}